 + 5*t + 55 = 0. What are the prime factors of t?
5, 11
Suppose 0 = n + 3*n - 52. Let u = n + -20. Let y = -5 - u. What are the prime factors of y?
2
Suppose 4*c - 2*c = -2*s + 116, 2 = 2*s. List the prime factors of c.
3, 19
Let a(n) = -n**3 + n**2 + n + 13. Let g be a(0). Suppose -5*r = -4*i + i + 50, -2*r = i - g. List the prime factors of i/5*22/6.
11
Let q(g) = -g**3 - 11*g**2 - 9*g + 2. Let d be q(-10). Let l(s) = 2*s**2 + 12*s + 12. What are the prime factors of l(d)?
2, 11
Let s(b) = b**3 - 5*b**2 - 6*b - 1. Let g be s(6). Let y = 13 - 5. What are the prime factors of g + y + 8/(-4)?
5
Suppose -4*u + 165 + 43 = 0. What are the prime factors of u?
2, 13
Let o(d) = 1 + 5*d**2 - 2*d - d - 3*d**2. Let v = 4 - 2. List the prime factors of o(v).
3
Let r = 21 + -13. Let y = 23 - r. What are the prime factors of y?
3, 5
Let c = -2 - -4. Suppose c*w - 13 = 1. What are the prime factors of w?
7
Let k(r) = -r**2 - 8*r + 3. Let p be k(-8). Let q = -10 + 15. Suppose p*n = -t + q, -n - 2*n - 37 = -2*t. What are the prime factors of t?
2, 7
Suppose 5*w - 2*t = 702, -w + 0*t = 2*t - 138. Suppose 5*h = -2*i + w, -2*h = -3*i - 64 + 8. What are the prime factors of h?
2, 7
Let q(p) = 4*p**2 - 2*p**2 + p**2 - 21 - 4*p**2 - 17*p. What are the prime factors of q(-15)?
3
What are the prime factors of 21/28*4*16?
2, 3
Let v = -24 + 26. Suppose -2*k = 3*i - 43, -39 = -v*k + 2*i - i. List the prime factors of k.
2, 5
Let a(n) = -3*n**3 + 3*n - 7*n**3 - 4*n. What are the prime factors of a(-1)?
11
Let b = -14 - -14. Suppose -63 + b = -3*l. What are the prime factors of l?
3, 7
List the prime factors of 2/(-18) + (-3392)/(-72).
47
Suppose -4*w + 4*t + 13 = -7, -4*t = -w + 20. Suppose w = -5*x - 12 - 3, g = 2*x + 35. List the prime factors of g.
29
Suppose 4*i = -0*i + 3*g, 0 = -4*i + 4*g + 4. Let t be 48/9 - 2/i. Let o = 10 - t. What are the prime factors of o?
2
Let u = -5 - -10. Suppose u = 4*g + 45. Let x = -5 - g. What are the prime factors of x?
5
Suppose -4*k = 2*i + 18, -7*i = -3*i - 4*k. Let z(y) = y**2 - y + 5. Let g(s) = 5*s**2 - 6*s + 26. Let c(h) = -2*g(h) + 11*z(h). List the prime factors of c(i).
3
Let k(h) = -2*h. Let g(v) = -2*v + 2. Let j be g(3). List the prime factors of k(j).
2
Let y be ((-2)/(-2))/(9/27). Let b = y + 4. List the prime factors of b.
7
List the prime factors of 1026/14 - (-18)/(-63).
73
Let h(q) = -2*q + 34. What are the prime factors of h(16)?
2
Let f = -50 + 22. Let d = -20 - f. What are the prime factors of d?
2
Suppose -2*c - m = -149, 4*c - 5*m - 30 = 275. What are the prime factors of c?
3, 5
Let q(b) = -2*b**3 - 14*b**2 + 3*b + 5. What are the prime factors of q(-8)?
109
Suppose 0 = -2*q - 8, 7*q = 4*k + 4*q - 164. List the prime factors of k.
2, 19
Let n be (6/8)/((-1)/(-4)). Suppose -5 = n*p - 29. What are the prime factors of p?
2
Let t be (-28 + 1)*2/(-6). What are the prime factors of (-4)/((-6)/t*1)?
2, 3
Suppose l = -3*l. Let r(g) be the first derivative of -g**2/2 + 6*g + 1. What are the prime factors of r(l)?
2, 3
Let l = 160 + -59. What are the prime factors of l?
101
List the prime factors of (125/15 + -5)/((-2)/(-69)).
5, 23
Let p(c) = c + 7. Let s be p(-7). Suppose u = -2*d - 7 + 2, -4*u - 12 = s. List the prime factors of (0 - d)*(6 + -4).
2
List the prime factors of (9 - 14)*2/((-20)/382).
191
Suppose v = -0 + 5. Suppose v*f + 6 - 56 = 0. List the prime factors of f.
2, 5
Let i be (-34 - 4)/((-2)/3). Let b = i + -41. List the prime factors of b.
2
Let l be 483/13 + 4/(-26). Suppose 5*g + 2 - l = 0. What are the prime factors of g?
7
Let x = 18 - 13. Suppose 3*d = 5*c + 14, 4*c + 1 = -x*d + 86. List the prime factors of d.
13
Suppose 0 = v - 2*v + 14. What are the prime factors of v?
2, 7
Let g = 15 - 43. Let w = 1 - g. What are the prime factors of w?
29
Suppose k + 2*a - 5 - 30 = 0, -5*k = -a - 186. What are the prime factors of k?
37
Suppose 10*p = 5*p + 10. Suppose 4*f - 62 = p*x, 3*x - 1 + 3 = -f. What are the prime factors of f?
13
Let u = 6 - -3. Let d(l) be the third derivative of -l**5/60 + 3*l**4/8 + l**3/3 + l**2. List the prime factors of d(u).
2
Suppose -5*m = 2*o + 1, 3*o - 6*m = -m + 36. Let w = o - 10. Let a = w + 7. What are the prime factors of a?
2
List the prime factors of -200*(2 + 48/(-20)).
2, 5
List the prime factors of (-16)/20*260/(-8).
2, 13
Let l(u) = -u - 149. Let t be l(0). Let h = -106 - t. What are the prime factors of h?
43
Let d = 10 + 16. What are the prime factors of d?
2, 13
Let c be (-7 - -5)/(1 - -1). Let n = -1 - c. Suppose 4*p - 5*u - 6 = 0, n*p = -3*p + 2*u + 8. What are the prime factors of p?
2
Suppose -2 - 2 = -2*h. Let v(m) = 2*m. List the prime factors of v(h).
2
Suppose -2*t - 5 - 17 = 0. List the prime factors of t/(-1)*(2 + -1).
11
Suppose 2*l + 3 = 5*l. Let m = l - -1. Suppose 2*q - 20 = -m*q. What are the prime factors of q?
5
Let z = 3 - 4. Let l(f) = 1 + 3 - 3*f - 3. List the prime factors of l(z).
2
Let z(a) = 2*a - 12. Let s be z(8). Suppose 7 = -4*l - 17. What are the prime factors of l/(2 + (-14)/s)?
2
Let h(c) = -4*c + 4. Let v(s) = 5*s - 4. Let b(j) = -6*h(j) - 5*v(j). What are the prime factors of b(-9)?
5
Let j(i) = 18*i + 30. List the prime factors of j(10).
2, 3, 5, 7
Let v be (-4)/(-10) - (-84)/15. Let y = -2 + 6. Let w = v - y. What are the prime factors of w?
2
Let k(f) = -f**2 + 4. Let v(p) = 3*p**2 - 8. Let i(x) = 5*k(x) + 2*v(x). Let w be i(-3). Let s = w - 4. What are the prime factors of s?
3
Let z(r) = r**2 + r - 1. Let w be z(0). List the prime factors of (-3)/3 + (2 - w).
2
Let m(f) = 2*f + 2. Let t be m(-2). Let w = 19 + t. List the prime factors of w.
17
Let m = 9 + 25. What are the prime factors of m?
2, 17
Suppose b - 35 = 144. What are the prime factors of b?
179
Let g = 245 + -119. List the prime factors of g.
2, 3, 7
Suppose -2*b + 3*c = -b - 2, 0 = -4*b - 4*c + 40. Suppose k - 2*k = -5. Let q = b - k. List the prime factors of q.
3
Let d be 2/(-1)*2/2. What are the prime factors of -2 + (3 - (d + -2))?
5
Suppose -2*i - 18 = -4*i. Let k(o) = -o**2 - 6*o + 9. Let b be k(-7). Let p = b + i. What are the prime factors of p?
11
Let q = 1 - 2. Let g(y) = -7*y**3 + 2*y**2 - 1. What are the prime factors of g(q)?
2
What are the prime factors of -1 + 147 - 1/(2/4)?
2, 3
Let i = -9 + 13. Suppose -3*v = -4*b - i*v + 11, -b + 5*v - 13 = 0. What are the prime factors of 7 - (2 - 2 - b)?
3
Suppose -61 = -4*o + 2*o + 5*k, 3*o = -2*k + 63. List the prime factors of o.
23
Let t be (-26)/3*(-24)/(-8). What are the prime factors of (t/(-3))/((-2)/(-3))?
13
Suppose -3*p - 3237 = -5*b, p = -4*p - 20. List the prime factors of 4/14 - b/(-21).
31
Suppose 0 = 5*a - 10*a + 15, -12 = 2*i - 4*a. Suppose i = -4*f + 3*c + 48 + 7, -4*c - 4 = -f. List the prime factors of f.
2
Let y(l) be the third derivative of -l**4/6 + 5*l**3/6 + 5*l**2. List the prime factors of y(-4).
3, 7
Let p be 30/(-4)*28/(-35). Suppose -p*b + 20 = -b, 0 = u - b - 7. List the prime factors of u.
11
Let z be (2/4)/((-4)/(-16)). Suppose z*b + 40 = 6*b. List the prime factors of b.
2, 5
Suppose 0 = -4*w + 367 + 1041. List the prime factors of 2/5 - w/(-20).
2, 3
Suppose 0 = -3*j - 2*j - 5. List the prime factors of (j/(-2))/((-6)/(-36)).
3
Let h = 3 - -2. Suppose -h*t = -3 - 17. Suppose 5*o + t = 3*m, m - o - 4 = -0*o. What are the prime factors of m?
2
Let p = -51 - -85. List the prime factors of p.
2, 17
Suppose -7*m = -3*m - 28. Suppose -r + 0*r = -m. What are the prime factors of ((-6)/(-7))/(1/r)?
2, 3
Let l(r) be the first derivative of 2*r**3/3 + r**2/2 - r - 1. List the prime factors of l(-2).
5
Let v(r) = -9*r + 8. List the prime factors of v(-6).
2, 31
What are the prime factors of (65/20 - 4) + 519/4?
3, 43
Suppose -3*r - 32 = 5*u, 0*r - 2*r = 4*u + 26. Let b = u + 9. List the prime factors of ((-54)/(-9))/(2/b).
2, 3
Suppose 0 = 3*f - 139 - 17. Let y = f + -28. What are the prime factors of y?
2, 3
Let k be ((-27)/6)/3*-2. Suppose -12 = -a - 2*a, 6 = -2*j + k*a. List the prime factors of j.
3
Let l(g) = -g**2 + 8*g. Let d be l(6). Let z = d - -1. What are the prime factors of z?
13
What are the prime factors of 1/(-3) - 910/(-21)?
43
Let k be ((-2)/4)/(4/64). List the prime factors of k/(-5)*15/6.
2
Let h = 7 + -2. Suppose -2*r - 2 = v, 1 - h = -4*v - 2*r. Suppose v*